is the greatest common divisor of 85777272 and 84?
84
What is the highest common divisor of 2572 and 426382?
2
Calculate the highest common factor of 346528 and 141904.
784
What is the greatest common factor of 341933 and 60386?
109
Calculate the greatest common factor of 189 and 82643904.
63
Calculate the greatest common divisor of 37790796 and 84.
12
Calculate the greatest common factor of 34074 and 218326.
1262
What is the highest common divisor of 7 and 9024827?
7
What is the greatest common divisor of 4416 and 565788224?
1472
What is the highest common divisor of 572 and 175190444?
572
Calculate the highest common divisor of 64980 and 50670.
90
What is the greatest common factor of 1370971 and 637?
49
What is the highest common factor of 133 and 12816545?
133
Calculate the highest common divisor of 53600667 and 3342.
1671
What is the greatest common divisor of 4716 and 21100956?
1572
What is the highest common factor of 795 and 972073?
53
What is the highest common factor of 2640423 and 33?
3
Calculate the greatest common divisor of 12 and 48926232.
12
Calculate the highest common divisor of 48334 and 5476614.
3718
What is the highest common factor of 2690523824 and 661?
661
What is the highest common factor of 24016401 and 18?
9
Calculate the highest common divisor of 178805480 and 11940.
3980
What is the highest common factor of 10794885 and 345?
15
What is the greatest common factor of 1305210 and 135?
15
Calculate the highest common factor of 86810317 and 11.
11
What is the highest common factor of 641025 and 203610?
165
Calculate the highest common factor of 27088304 and 138888.
5144
What is the greatest common factor of 11616856 and 27217?
1601
Calculate the highest common divisor of 150 and 131494125.
75
Calculate the greatest common divisor of 53846 and 902956.
4142
What is the highest common factor of 76 and 3943374?
38
What is the highest common divisor of 6993 and 10494603?
189
Calculate the highest common factor of 1180863 and 39022.
179
Calculate the highest common divisor of 1911340 and 380.
20
What is the greatest common divisor of 42 and 955862?
2
Calculate the greatest common factor of 2970 and 2521234485.
1485
What is the highest common factor of 2614871897 and 11?
11
What is the highest common factor of 565 and 17803037?
113
Calculate the highest common divisor of 4394368 and 933179.
3121
Calculate the greatest common divisor of 2701657303 and 2441.
2441
What is the highest common divisor of 34461126 and 3969?
567
What is the greatest common factor of 4456062 and 2488194?
2466
What is the greatest common factor of 3478356 and 31500?
252
Calculate the highest common divisor of 21600 and 1130148.
36
Calculate the greatest common factor of 39000601 and 346.
173
What is the highest common divisor of 1360 and 417918480?
1360
Calculate the greatest common factor of 19990215 and 4505.
85
What is the highest common divisor of 3421768 and 332949?
1247
What is the highest common divisor of 70950 and 3822270?
1290
Calculate the greatest common divisor of 25858800 and 100.
100
Calculate the greatest common factor of 190306226 and 22.
22
Calculate the highest common factor of 2310 and 6928026.
42
What is the highest common divisor of 403800 and 373080?
120
What is the greatest common factor of 38966477 and 121?
121
What is the greatest common factor of 741492 and 191952?
1548
Calculate the highest common divisor of 46990 and 46306105.
635
Calculate the greatest common factor of 676432 and 67536.
1072
What is the greatest common factor of 34017 and 177123?
1173
Calculate the greatest common divisor of 1995 and 15157611.
399
What is the highest common factor of 61 and 35730323?
61
Calculate the highest common divisor of 24803721 and 1900.
19
Calculate the highest common factor of 538760770 and 3230.
3230
What is the greatest common divisor of 76 and 4982218?
38
What is the highest common divisor of 11016290 and 1455?
485
Calculate the greatest common factor of 16 and 131640844.
4
What is the greatest common factor of 92 and 29766186?
46
What is the highest common divisor of 992 and 16451296?
32
Calculate the highest common divisor of 1532710 and 470.
10
Calculate the greatest common divisor of 98284 and 8.
4
What is the greatest common divisor of 3267 and 1312487?
121
What is the highest common divisor of 19760 and 57208240?
1520
What is the highest common divisor of 512972 and 9872?
4
Calculate the greatest common divisor of 38040 and 4115.
5
Calculate the highest common divisor of 13 and 86250203.
13
Calculate the highest common divisor of 61008 and 2176116.
492
Calculate the highest common factor of 22091840 and 7905.
2635
Calculate the highest common factor of 12439929 and 104619.
2433
What is the highest common factor of 32240 and 9042080?
2480
What is the greatest common factor of 60 and 134554872?
12
Calculate the highest common divisor of 7567420 and 57400.
140
What is the highest common divisor of 128965 and 2915?
5
Calculate the highest common divisor of 15 and 986845.
5
What is the highest common divisor of 1833042 and 816?
102
Calculate the highest common factor of 160 and 118295650.
10
Calculate the highest common factor of 7227554 and 5887.
841
Calculate the greatest common factor of 29000 and 26.
2
Calculate the highest common divisor of 4 and 2830295.
1
Calculate the greatest common divisor of 969 and 10534594.
17
Calculate the highest common divisor of 141981 and 28539.
21
Calculate the greatest common factor of 4823 and 39417651.
91
What is the greatest common factor of 23898060 and 188194?
2578
What is the greatest common factor of 40 and 5996728?
8
What is the highest common factor of 5 and 86789045?
5
What is the highest common divisor of 102 and 109110?
6
What is the greatest common factor of 127044600 and 400?
200
Calculate the highest common factor of 48684104 and 14.
14
Calculate the greatest common factor of 232956 and 91044.
324
What is the greatest common factor of 15 and 6867095?
5
What is the greatest common factor of 352031 and 53929?
199
Calculate the highest common divisor of 26 and 62425636.
26
Calculate the greatest common factor of 5905 and 427989676.
1181
Calculate the highest common divisor of 1715731317 and 53.
53
Calculate the highest common divisor of 242872 and 2576.
56
What is the highest common factor of 8174 and 23530872?
122
What is the greatest common factor of 427 and 48255514?
61
Calculate the greatest common factor of 310 and 1874680.
10
What is the greatest common divisor of 34453538 and 23030?
658
What is the greatest common factor of 5368 and 170192?
88
Calculate the highest common factor of 99 and 45963.
9
Calculate the highest common divisor of 9093241 and 20711.
139
What is the highest common factor of 3213 and 10148031?
459
Calculate the greatest common divisor of 915 and 5473225.
305
Calculate the highest common factor of 7727139 and 63.
63
Calculate the greatest common divisor of 21584 and 16176640.
1136
Calculate the greatest common factor of 1070 and 5600166.
214
What is the highest common factor of 3672873 and 1005?
201
What is the greatest common factor of 10810010 and 310?
310
What is the greatest common divisor of 252025 and 139825?
425
Calculate the greatest common factor of 29809 and 173486087.
2293
What is the greatest common factor of 446279562 and 19?
19
What is the greatest common factor of 50 and 303504020?
10
What is the greatest common divisor of 230 and 4106489?
23
Calculate the greatest common factor of 35626838 and 598.
26
Calculate the highest common divisor of 2437301 and 2701.
37
What is the greatest common factor of 31 and 26545362?
31
What is the highest common factor of 138 and 10340984?
46
What is the greatest common factor of 764868 and 1092?
156
Calculate the greatest common factor of 289 and 1985022.
17
What is the greatest common divisor of 27358200 and 6750?
450
Calculate the highest common divisor of 95 and 35500685.
5
What is the greatest common divisor of 1839008 and 869408?
3232
Calculate the highest common divisor of 519 and 278532768.
519
What is the greatest common divisor of 2252250 and 306?
18
Calculate the greatest common factor of 884811 and 53105.
817
Calculate the greatest common factor of 2223218 and 790.
158
Calculate the great